tive of -b**5/20 + 4*b**4/3 + 4*b**3/3 - 15*b**2/2 + 279*b. Is s(l) a composite number?
False
Suppose 0 = 5*j - 13*j + 33416. Suppose 6095 = 5*v - 4145. Let s = j - v. Is s a prime number?
True
Let s(v) = 2*v**2 - 8*v - 17. Let d be s(7). Suppose 20*o - d*o + 515 = 0. Suppose 76 = t - o. Is t a composite number?
False
Let s = 16671 - 11032. Is s prime?
True
Let x = -105616 + 254045. Is x a composite number?
False
Let o(z) = -123 - 133 + 90*z**2 + 281 - 44*z. Is o(7) a composite number?
False
Let v(s) = -s**2 - 2*s. Let x be v(-3). Let q(i) = -i**3 - 5*i**2 + 8*i + 12. Let n be q(-6). Is (-29 - n)/(x/69) a prime number?
False
Suppose 9*l - 8*l = 0, -2*y = -5*l. Suppose y*w - 60235 = -7*w. Is w prime?
False
Suppose -4*b - 16 = -12*b. Let v be 3*25/(-10)*b. Is (-10)/(-4)*1*(-318)/v prime?
True
Let g(q) = -76*q - 59. Let i(w) = -38*w - 30. Let j(u) = 3*g(u) - 7*i(u). Let v(z) = 75*z + 66. Let x(s) = 7*j(s) - 4*v(s). Is x(-10) a composite number?
False
Suppose -14*v - 108 - 592 = 0. Let x(d) = -103*d + 13. Let z be x(-9). Is (z/v)/((-2)/10) a composite number?
True
Let f(s) be the third derivative of 5*s**4/24 - 15*s**3/2 + 31*s**2. Let v be f(10). Suppose -3*b = n + 2*n - 1122, -v*b = -2*n - 1905. Is b prime?
True
Suppose 2*s - 144627 = 868*a - 871*a, -2*s + 144633 = 5*a. Is s composite?
True
Suppose 4*b - 8141 = -3*b. Suppose n - b = -5*d, 8*d - 9*d = 0. Is n composite?
False
Let h(c) = -c**3 - 5 - 4 + 6*c**3 - 4*c - 14*c**2 + 1. Let x be h(-10). Is 2/(-6) + x/(-6) a prime number?
True
Let y be (-6 + (4 - 5))*1. Let q be y/28 + (-13665)/(-4). Is q/2 + 2 + -1 prime?
True
Suppose 6 = -2*f, -5*f - 115673 = -18*b + 16*b. Is b composite?
False
Suppose -4*o + 2*o = 4*o. Suppose 27*w = -o*w + 74709. Is w a composite number?
False
Let f(m) = 1780*m**2 - 6. Let h(y) = -3559*y**2 + y + 11. Let x(r) = -5*f(r) - 3*h(r). Suppose -18*d - 19 = d. Is x(d) prime?
True
Let q = -431 - -438. Is -3 + (-58496)/(-7) - 4/q composite?
False
Suppose -3*d + n + 55 = -4, -5*d = -5*n - 115. Suppose d*w + 1852 = 10762. Suppose -5*c = -4040 - w. Is c a composite number?
False
Let h(f) = 8*f**3 + 3*f**2 - 6*f - 8. Let s(d) = 0*d - 6*d**2 + 13*d - 17*d**3 - 315 + 332. Let y(z) = -13*h(z) - 6*s(z). Is y(-5) composite?
True
Let z = -17819 + 126380. Is z a prime number?
False
Suppose -2*j = 5*y - 0*j - 28, 5*y = 5*j + 35. Suppose 2*z = -y*z + 1528. Is z a prime number?
True
Let m(i) = i**3 + 4*i**2 - 8*i - 11. Let p be m(-5). Let c(w) = -w**2 - w + 21. Let n be c(p). Is n - 2 - (-3 + 0)*236 composite?
True
Let a be (-74 + 0)/(4/14). Suppose -3*d - 2536 = 5*k, -2*k - 2*k + 2*d - 2020 = 0. Let r = a - k. Is r a composite number?
True
Suppose 2*g + 5*f = g + 30, -15 = -3*f. Suppose -p + 40 = -3*m, 17 = 5*p + g*m - 103. Is 1*p*(-1706)/(-8) prime?
False
Let p(y) = -y**3 + 12*y**2 + 29*y - 7. Let m be p(14). Let q be (2 + m)*(-3)/(-9). Let t(j) = 284*j - 1. Is t(q) prime?
False
Suppose -3*u - 27973 = -4603. Let q be 1 - (7/(-28) + u/8). Let i = 2204 - q. Is i composite?
False
Suppose -3 = 3*l - 15. Suppose 0 = 2*w + 2, 4*i = -w - w - 22. Is l*i/((-10)/769) composite?
True
Let z(x) = 53*x**3 + 13*x**2 - 2*x - 7. Let m(r) = 17*r - 11. Let a be m(1). Is z(a) a prime number?
True
Suppose -2*y - 10 = -2*p, -2*y + y - 3*p + 7 = 0. Let w be 12/y*(-2 - 0/1). Suppose -o - 973 = -t - 2*t, 0 = 3*o + w. Is t a composite number?
True
Suppose -24*o - 143368 + 325941 = -248155. Is o composite?
True
Suppose 63894 = 3*r - 3*d, 3 = 3*d + 18. Suppose -4*k + 5*o + r = 0, 0*o = -2*o - 2. Let b = k - 3511. Is b prime?
True
Suppose 2*k - 209126 = 3*y + y, 0 = -4*y + 12. Is k composite?
True
Suppose -6849 = -4*j + 15791. Suppose 0*k = k + 5*s - 1415, -5*s = 4*k - j. Suppose -c = -5*h - 1542, -4*h - k - 124 = -c. Is c a composite number?
True
Suppose y + 12 = -8*c + 12*c, 2*y = -3*c + 20. Suppose c*w + 3*w = 23849. Is w prime?
True
Let o(m) be the third derivative of 0 + 53/60*m**5 + 0*m - 1/6*m**4 - 1/2*m**3 + 11*m**2. Is o(-2) composite?
True
Suppose -3*i + 60 = -i. Suppose -h = 4*a - 48, 2*a = -0*h + h + i. Suppose a*n - 4*n - 315 = 0. Is n prime?
False
Is (12/54*-3)/(3/((-2007108)/8)) composite?
True
Suppose 2*w - 3*t - 2858335 = 0, 5*w - 41*t = -43*t + 7145923. Is w a composite number?
True
Suppose 0 = 4*s + 3*u - 5547, 5*u - 4152 = -11*s + 8*s. Let b = s - 832. Is b composite?
False
Suppose -2*p = o - 141432, 6*p + 5*o - 32750 - 391550 = 0. Is p a composite number?
True
Let m = 46503 + 1668. Is m prime?
False
Is (-4)/46 - (-452502022)/782 a prime number?
True
Let q = 70683 + -37154. Is q composite?
False
Let r = -231044 + 333774. Is r/25 + (6/5)/(-6) composite?
True
Let q be (-3 - 114/(-36))*12. Suppose -5*f + q*n + 90427 = 0, -4*f - 3*n + 17941 = -54396. Is f a prime number?
False
Let m(x) = -49178*x + 6645. Is m(-46) composite?
True
Suppose 23 = 12*w - 50341. Suppose w = 4*n + 569. Is n prime?
True
Let x(c) = -c**2 - 4*c + 4. Let n(i) = -i**2 - 5*i + 3. Let w(k) = 3*n(k) - 4*x(k). Let t be (-1)/(50/(-26) - -2). Is w(t) prime?
True
Suppose 12 = 5*i + 3*d, i - 4 = -5*d + 6*d. Is (8/16 + i/(-2))*-251 a prime number?
True
Suppose 3*l - 422056 = -0*d - 4*d, 4*d - 3*l - 422032 = 0. Is d a prime number?
False
Is (-16)/40 + 4/10 - (-8 + -51815) prime?
False
Suppose 2*k + 4 = 0, 4*o + 56*k = 52*k + 632304. Is o a prime number?
False
Suppose 1470 + 7809 = -3*i. Let s = -1752 - i. Suppose 6*d = 9*d - s. Is d a composite number?
True
Is 6 + -1 - (-7636)/2 - 36/(-9) a prime number?
False
Let b be 0*-1*(-1)/(-3). Suppose -n + 6*n + 80 = b. Let o(d) = -115*d + 7. Is o(n) composite?
False
Suppose v = -5*f + 9, -8*f + 4*f = 4*v - 20. Let y(z) = 7*z**3 - 3*z**2 + 6*z - 5. Is y(v) prime?
True
Let h(f) = 153*f**3 + 6*f**2 - 3*f - 45. Is h(7) a prime number?
False
Suppose -w - 4*z + 374013 = 0, -47*z + 46*z = 5*w - 1869970. Is w a prime number?
False
Let k(f) = 786*f**2 - 73*f + 48. Is k(13) composite?
False
Let p(n) = 195*n**2 + 14*n + 42. Let o = -912 + 907. Is p(o) a composite number?
True
Let h = 209567 + -139194. Is h a composite number?
False
Let b = 292164 - 23141. Is b a composite number?
False
Let m be (7/(-21)*0)/(6/(-2)). Suppose -13*l - 7*l + 122540 = m. Is l a composite number?
True
Suppose -285*h = -213*h - 665208. Is h a composite number?
False
Let f(o) = o**2 - 4*o - 5. Let q be f(5). Suppose 108*h - 107*h + 17 = q. Let b(a) = -20*a - 3. Is b(h) a prime number?
True
Let q = -78 + 83. Suppose q*z = -2*c - c + 2702, 0 = 2*z - 2*c - 1084. Is z a prime number?
True
Let v(s) = -8*s**2 - 133*s - 83. Let x be v(-16). Let z(g) be the second derivative of -265*g**3/6 + g**2 - g. Is z(x) a composite number?
False
Suppose -7*b - 21 + 434 = 0. Suppose -b*d = -52*d - 160405. Is d a prime number?
False
Suppose -6*k + 17*k = 154. Suppose k*x - 984 = 26050. Is x a prime number?
True
Suppose -24*d - 9*d + 2*d + 20315819 = 0. Is d a prime number?
False
Let m = 161437 + -77636. Is m a prime number?
False
Suppose 0 = -p + 3*d + 33, -74 = -3*p - 0*d + 4*d. Suppose -p*k = -20*k + 238. Let m = 184 - k. Is m a prime number?
False
Let q(a) = -5313*a - 82. Is q(-5) a composite number?
True
Suppose -5*v + 9*v - t - 8 = 0, 0 = -2*t. Is (495/22)/15 + 11795/v prime?
False
Let z(m) = -98*m - 20. Let v be z(9). Is v*(-5 - (162/12)/(-3)) prime?
False
Let f be (3 - (-4)/4) + -9 + 5. Suppose 5*l + 3738 - 9987 = t, f = 3*t + 12. Is l a prime number?
True
Let k(r) = 221*r**2 - 14*r - 25. Let b be k(-2). Let w = b + -744. Is w prime?
False
Suppose -4*z + 2*r + 1208 = -508, r = 3*z - 1289. Let f = 1440 - z. Is f prime?
True
Is (-2)/(-10) + 9913588/710 a composite number?
False
Let m(s) = 3*s**2 - 17*s - 113. Let z be m(-9). Suppose -93535 = -288*v + z*v. Is v prime?
False
Let u(n) = 619*n**3 + 5*n**2 - 50*n + 95. Is u(9) composite?
False
Let y = -62 + 62. Suppose -3*c - 5*q + 2768 = 0, y = 21*c - 24*c + 2*q + 2782. Is c composite?
True
Let l be 2 - ((-8)/(-2) + -7). Suppose 0 = -l*w + 11*w - 8526. Let d = w - 372. Is d a composite number?
False
Is (27/81)/(3/1535643) prime?
True
Suppose -10*a + 7*a = 72. Suppose -6*f + 122 = -4*f. Let v = f - a. Is v a composite number?
True
Let d(i) be the third derivative of -i**6/120 - 2*i**5/15 - i**4/4 - 17*i**3/6 + i**2 - 69. Is d(-14) a prime number?
False
Suppose -2*q - 92 = 3*r - 1696, 5*r - 5*q = 26